te -17 + (0 - -3) - (-24 - -3 - 31).
38
What is the value of -1 + 86 + 28 + 15 + -37 + 3 - -7?
101
What is 20 + (-10 - -4 - (-13 + (-6 - -22))) + 13?
24
Evaluate (754 - 774) + -1 + -18.
-39
(-3 - (-21 + 40 + -11)) + (2 + 0 - -98)
89
Calculate -4 + -1 - (-85 - (2 - 3 - (-17 - -42))).
54
Calculate (83 - 211) + 39 - -63.
-26
Evaluate 47 - (81 - (-187 - -151)).
-70
What is (-259 - -247) + -3 + -5?
-20
What is the value of -53 - -1 - (1750 - 1739 - (12 + -1))?
-52
Evaluate 16 + -7 - (-56 + 14 - (9 + 1)).
61
Calculate (-21 - (16 + 12 + -74)) + -7 + 1.
19
What is the value of (6 - (9 - 28) - (-1 + 1)) + -12?
13
What is 66 + -84 + 132 + -81?
33
What is the value of -3 + 28 - (-61 + 82) - 34?
-30
(5 + -7 - -6) + (7 - -2) - 104
-91
What is the value of -17890 + 17799 + (-43 - (-5 + 2))?
-131
What is the value of 2890 - 2846 - (50 + 0)?
-6
Evaluate -51 - (-191 + 127) - 98.
-85
(-6 - (49 + -116 + 27)) + (0 - -2)
36
Evaluate (-12 + 27 - 39) + (23 - -5).
4
-67 - (-25 + 9 + -45)
-6
68 - (-111 - (35 - 191))
23
Calculate 17 - (45 + 62 + -73).
-17
Calculate -78 - (-57 - 13) - (-1 + (13 - 0)).
-20
Evaluate -11 + -4 + 2223 + -2108.
100
What is the value of -34 - -56 - (12 - 3) - -21?
34
What is the value of -3 + -7 + 16 + -8 + (-9 - 2) + -3?
-16
Calculate -33 + -20 + 43 + 21 - 33.
-22
What is the value of -43 + 53 + -52 - -61?
19
What is 1029 + -1030 - (0 - (-1 + -13))?
-15
-65 - (7 + -16 + -26)
-30
Calculate -2 - ((-25 - (-8 - -4) - -11) + 48).
-40
What is the value of (-50 + 35 - (7 + -44)) + -19?
3
Evaluate 60 - ((29 - 12) + 4 - 22).
61
-9 + (13 - 18) - (10 - -11)
-35
What is the value of (28 - 24 - -19) + -37 - (-2 - 3 - 19)?
10
Calculate (-1 - 1) + (56 - (26 - -12)).
16
2 + -3 - (5 + 42) - (-1 + -26 + 19)
-40
What is -54 - (-14 - (11 + 0 - 29 - -10))?
-48
What is the value of 9 - (18 + 0 - (18 - -16))?
25
What is the value of (-1 - 1) + -24 - (107 - 117)?
-16
What is the value of 8 - (4 - -6 - (12 + 1 - 120)) - -4?
-105
What is 82 + (-16 - 62) + -3?
1
What is (15 - (-10 + (-14 - -51))) + -17?
-29
-4 - (-9 + 0) - (-27 + 19 + 17) - 16
-20
-134 + 73 + -57 - -56
-62
(-32 - -13) + (274 - 284)
-29
12 - (-27 - -19 - -29) - 18
-27
Evaluate (3 - -14) + -6 + 9 + -108 - -18.
-70
What is (20 - (20 - 13) - ((30 - 4) + -8)) + -7?
-12
Calculate 5 + 8 + -23 - (9 - 3 - 40).
24
-11 + -3 + 28 + 8 + -14
8
36 - -2 - (19 + -16) - (-26 - -22)
39
Evaluate 282 + (-152 - -60 - 48).
142
-68 + (670 + -693 - (3 - -2))
-96
What is (-1 - 3) + (-45 + 0 - ((-100 - -86) + 4))?
-39
-11 + -62 - (0 - -1) - (-4511 - -4520)
-83
Evaluate 29 + (1 - -40 - (-942 + 953)).
59
Evaluate -21 + (393 + -382 - (-1 - -34)).
-43
What is (-194 - -87) + 324 - 126?
91
What is (-2 + 5 - (20 + -10)) + -18?
-25
Evaluate (-105 - -86) + -6 + 8 + 15 + 2.
0
What is 8 - 17 - (-5 - (9 + (14 - 16)))?
3
What is the value of 5 + (45 - 23 - 36) + 0 + -17?
-26
Evaluate 12 + (-434 - -419 - (-45 - 0)).
42
What is the value of (-20 - (-62 + 20)) + -44?
-22
What is the value of 32 - (43 - (61 + -63))?
-13
733 + -692 + 15 + -2
54
-9 + -98 - (-4 + -21 - -9)
-91
Evaluate -35 + 19 + -36 + -22 + 9.
-65
What is the value of 1 - (-3 - 44) - ((-27 - -50) + -21)?
46
What is the value of 13 + -13 - (1 - 17) - (-18 + 2 - -22)?
10
What is -31 - (13 + -21 - 9) - -122?
108
What is the value of 3 + -15 + -62 + 78 - (28 - 0)?
-24
-61 - (14 - 135) - 13
47
What is -3 + -16 - (-16 - 1)?
-2
-35 + 27 + (-89 - -79)
-18
Evaluate (-3 - 6) + (60 - 77) + (3 - 7).
-30
Calculate -1976 - -1901 - (2 + -38).
-39
What is (24 - 1 - (112 + -104)) + -49?
-34
Calculate (7 - -1 - ((-10 - -28) + -4)) + 57.
51
(116 + 46 + -93 - 33) + -151
-115
What is the value of 21 - (2 - (-22 + 0 + (450 - 443)))?
4
What is (-20 - (9 + -3)) + -9 + -5?
-40
Calculate (-4 - -11) + 16 + 2 + (-10 - -3).
18
Calculate -11 - ((-9 - 23) + 44 + -12 + -1 + 8).
-18
Evaluate 26 - ((-34 - -62) + (0 - -1)).
-3
169 + -91 + (-155 - 1)
-78
What is -102 - 2 - (100 + -53 + -43)?
-108
What is (-73 - (3 + -36)) + 52?
12
What is the value of (-18 - -6) + (-233 - -238)?
-7
Calculate 29 + -43 + (-42 - 5).
-61
Evaluate (-24 - -11 - -37) + 10 + 27.
61
Calculate 10 + -4 + (6 - 12) + (15 - (5 + 0)).
10
(9 + (12 + -3 - -6) - 7) + (-29 - -24)
12
What is 133 + -106 + -50 - -63?
40
Calculate (-42 - (-78 + 37)) + -2 + (-3 - 35).
-41
What is the value of (1853 - 1786) + 5 + -1?
71
Evaluate -45 + 58 + (53 - 24).
42
Evaluate -19 + 123 + -8 + 7 - (-107 + 107).
103
What is 17 - (31 + 2 + 37) - -29?
-24
73 - (10 + -27) - (-7 + 6 + 3 - -6)
82
What is the value of 69 + -66 + (151 - 86)?
68
Evaluate (-4 - -1) + 10 - (245 - 219).
-19
(19 + (-8 - (-17 + -6)) - (-6 + 2)) + -6
32
Calculate -10 - (-74 + 45) - (17 - 1).
3
What is the value of 11 + (-2 - (-13 - -27 - -22))?
-27
Calculate (-25 - (21 + -32)) + -43 + (-5 - 10).
-72
Evaluate (1 + 1 - 10) + 217 + (-88 - 44).
77
Evaluate 57 + (-130 - -168 - 131).
-36
What is -10 + -7 + 6 - -6 - (22 + 5)?
-32
Calculate 5 + (14 - -16 - 37).
-2
What is -130 + 1 + 6277 + -6222?
-74
What is (19 - (1 - -18)) + (0 - 3 - -75) - -13?
85
-66 + -7 + -83 + 203
47
Calculate -12 - (-17 + 28 - (78 + (-16 - -9))).
48
What is the value of -6611 - -6577 - (0 - -34)?
-68
What is the value of 2 - 31 - (1269 + -1312)?
14
Evaluate -11 + (5 - (1 - -1) - -9) + -15.
-14
What is the value of -166 + 194 - (0 + 9 - (41 + -36))?
24
What is -3 - 15 - (-13 - (-3 - (-11 + 4 + 13)))?
-14
What is (11 - -26 - 99) + 7?
-55
What is the value of -76 + (17 - (-10 - -18 - -2 - -22))?
-91
Calculate 10 + -4 + -11 + (5 - (-4 + (-33 - -6))).
31
(-3 - (-173 + 137)) + (10 - -2)
45
What is (-1 - 0) + 2 + (-74 + -5 - (-5 - 14))?
-59
Calculate 6 - (18 + (-10 - -20) + -2).
-20
Calculate (43 - (35 - 19) - 64) + (-2 + 2 - 1).
-38
Evaluate -117 + (114 - 12) - 38.
-53
Calculate 24 + -52 + 52 - -22.
46
Calculate -65 + 20 + (0 - -18) + 11.
-16
0 + (1 - -2) + (-22 - -17) + 14
12
-20 + 132 + -56 - (-15 + 0)
71
Calculate -8 - (5 - -105) - -62.
-56
What is -8 - 1 - (5 - (93 + -73 + 0 + -3))?
3
Evaluate (1 - -14 - 6) + 17 - 20.
6
Evaluate (231 - 235) + (-2 + 44 + 5 + -4 - 1).
38
Calculate -9 + (13 - (9 + 7)) + -28.
-40
What is the value of -23 + -1 + 1 - -2 - (-197557 - -197631)?
-95
Calculate (0 - 26) + -1216 + 1314.
72
What is -31 + ((-35 - 9) + 6 - -8)?
-61
Evaluate 127 + -161 - (0 - -3 - (7 - (5 - 12))).
-23
What is 3 + -66 + -11 + 144?
70
Calculate 4 - (-2 - (1 + -13 + 10 + -1 + 10)).
13
-77 + 90 + (-5 - 2) - 1 - (-3 + -65)
73
Evaluate -30 + -17 + 25 + 15 + -8.
-15
Calculate -1 + 5 + 10 + (-7 - (50 + 5)).
-48
1 - -6 - (-2 + 39 + -26 + 31 - 14)
-21
130 - 4 - (-24 - (-5 + (-19 - -5) - 1))
130
-47 - -45 - -89 - 37
50
Calculate 65 - (-112 - (-29 + -90)).
58
What is 10 + (-52 + 56 - (-4 + 4 + -1 - -60))?
-45
Calculate 17 + 8 + (37 - (23 + -3)).
42
-15 + (18 - -18) + -15 - -1
7
-83 + 63 + (101 - (7 + (-8 - -7)))
75
-110 + (127 - 47) - 46
-76
What is the value of (-6 - (6 + -20) - 19) + (14 - -46)?
49
What is the value of -13 + (1 + 45 - ((-51 - -12) + 26))?
46
Calculate -14568 - -14613 - (0 + 122).
-77
What is the value of 121 + -80 - 35 - (-20 - 0)?
26
What is 1 - ((-1 - 1) + 3 - ((3 - 49) + -5))?
-51
What is the value of 602 + -582 - (50 - -14 - (4 + -1))?
-41
-33 - -26 - (-4 + (1 - -6 - 45))
35
3 - (27 + -6) - (11 + (-4 - -5))
-30
Calculate -3 + 61 + 0 + 0 + 18 + -14.
62
Evaluate -51 + 49 + (-275 - -291 - (1 + 5 - -1)).
7
-6 + (20 - (32 + 1)) - -23
4
What is the value of 86 + -88 - (0 - (6 + (0 - 11)))?
-7
What is 2 - (-84 + 0) - (30 + -3 + -391 + 349)?
101
Calculate 72 - (24 - (-10 + 5)) - -14.
57
Evaluate 10 + -1 - 7 - (-32 - -24).
10
Evaluate -50 - (4 + -13 - 51).
10
Evaluate 775 - 778 - (-3 + (-1 - 0 - -9)).
-8
What is the value of (2 - (211 + -192)) + -34 + 1?
-50
What is (15 - 36) + 29 + -1?
7
What is the value of (104 - 106) + (-56 - -2) - -9 - -12?
-35
-11 - ((13 - 20) + -46 - 11) - 6
47
What is the value of -60 + (77 - (-5 - -64))?
-42
(-4 - (-24 + 3)) + -27 + 11 + -79 + 2
-76
Evaluate (-40 - (-111 - 32)) + -56.
47
What is 114 - 41 - 48 - 77?
-52
Calculate -12 + 5 - -12 - (47 - (26 - 8)).
-24
What is the value of 1 - 61 - ((-52 - -105) + -50)?
-63
Evaluate (27 - -1 - (228 + -217)) + -28 - (78 - -1).
-90
What is -47 + 64 + 7 + (1 - -3)?
28
18 - 12 - -1 - 10 - 26 - 3
-32
What is the value of 2 + -1 + 0 + -16 + 25 + (-3 - -47)?
54
-24 